3 (base 13) to base 3
10
What is -144 (base 5) in base 7?
-100
-177 (base 8) to base 3
-11201
What is -11 (base 13) in base 5?
-24
Convert 10 (base 9) to base 6.
13
What is -2 (base 14) in base 12?
-2
-a (base 12) to base 15
-a
What is 5 (base 12) in base 11?
5
1 (base 4) to base 11
1
What is 0 (base 15) in base 6?
0
What is 10 (base 16) in base 2?
10000
-1 (base 10) to base 8
-1
Convert -13 (base 7) to base 13.
-a
-100 (base 4) to base 6
-24
What is -100001 (base 2) in base 7?
-45
What is 30 (base 12) in base 6?
100
What is -5 (base 14) in base 15?
-5
0 (base 16) to base 14
0
Convert -25 (base 12) to base 5.
-104
Convert -44 (base 10) to base 13.
-35
Convert 3 (base 11) to base 14.
3
Convert -18 (base 10) to base 9.
-20
What is -12 (base 4) in base 16?
-6
What is 6 (base 13) in base 6?
10
Convert 6 (base 7) to base 9.
6
Convert -e (base 15) to base 12.
-12
Convert 10011 (base 2) to base 4.
103
-3 (base 14) to base 9
-3
-19 (base 14) to base 7
-32
What is -8 (base 15) in base 4?
-20
Convert -21 (base 8) to base 6.
-25
Convert -210 (base 3) to base 6.
-33
-3330 (base 4) to base 15
-11c
Convert 0 (base 15) to base 5.
0
Convert -130 (base 6) to base 15.
-39
1121 (base 3) to base 5
133
What is 6 (base 11) in base 4?
12
Convert -2 (base 15) to base 11.
-2
Convert -11101 (base 2) to base 14.
-21
Convert 6 (base 15) to base 4.
12
Convert 197 (base 14) to base 2.
101001001
Convert 37 (base 16) to base 12.
47
What is 6 (base 15) in base 16?
6
-1 (base 7) to base 16
-1
4 (base 10) to base 2
100
What is -1 (base 7) in base 13?
-1
-17 (base 15) to base 4
-112
What is -12 (base 3) in base 15?
-5
What is 12 (base 6) in base 9?
8
What is 1213 (base 4) in base 14?
75
37 (base 13) to base 8
56
Convert 210 (base 5) to base 16.
37
Convert -11 (base 7) to base 13.
-8
Convert -e (base 15) to base 2.
-1110
Convert -1 (base 14) to base 13.
-1
Convert -a1 (base 14) to base 15.
-96
0 (base 15) to base 9
0
What is -11 (base 2) in base 10?
-3
What is -4 (base 8) in base 16?
-4
Convert -1 (base 8) to base 5.
-1
What is -ab (base 15) in base 11?
-137
Convert 0 (base 6) to base 13.
0
Convert -112 (base 10) to base 16.
-70
Convert 22 (base 3) to base 14.
8
Convert -10 (base 7) to base 13.
-7
2 (base 11) to base 7
2
Convert 14 (base 7) to base 4.
23
Convert -9 (base 10) to base 11.
-9
-5 (base 15) to base 4
-11
Convert -5 (base 14) to base 3.
-12
Convert 20 (base 6) to base 8.
14
Convert -5 (base 7) to base 4.
-11
-10 (base 6) to base 4
-12
10100 (base 3) to base 12
76
Convert -111 (base 5) to base 8.
-37
What is -1000 (base 2) in base 6?
-12
Convert 23 (base 8) to base 5.
34
What is -10 (base 2) in base 5?
-2
211 (base 3) to base 11
20
Convert 77 (base 9) to base 12.
5a
5 (base 13) to base 6
5
2 (base 9) to base 16
2
What is -123 (base 6) in base 8?
-63
110 (base 2) to base 9
6
What is 13 (base 5) in base 7?
11
What is 1 (base 2) in base 6?
1
What is 3 (base 6) in base 14?
3
Convert 411 (base 6) to base 10.
151
9 (base 16) to base 3
100
10 (base 10) to base 3
101
What is -60 (base 8) in base 10?
-48
What is 32 (base 12) in base 16?
26
What is 0 (base 11) in base 7?
0
Convert 15a (base 14) to base 3.
101020
Convert -2120 (base 3) to base 13.
-54
14 (base 13) to base 10
17
-233 (base 4) to base 10
-47
62 (base 7) to base 14
32
-33 (base 12) to base 4
-213
What is -5 (base 9) in base 6?
-5
What is 1 (base 6) in base 8?
1
What is 3 (base 14) in base 12?
3
60 (base 11) to base 12
56
Convert 1 (base 8) to base 9.
1
What is 32 (base 16) in base 8?
62
-8 (base 9) to base 3
-22
Convert 23 (base 6) to base 11.
14
What is -13 (base 4) in base 15?
-7
-110 (base 2) to base 12
-6
10 (base 10) to base 7
13
What is 8 (base 12) in base 13?
8
-2 (base 3) to base 15
-2
What is 211 (base 6) in base 10?
79
What is 4 (base 5) in base 16?
4
18 (base 14) to base 9
24
What is 4 (base 7) in base 4?
10
Convert -23 (base 5) to base 9.
-14
111 (base 3) to base 6
21
What is -77 (base 12) in base 3?
-10101
26 (base 10) to base 11
24
What is 201 (base 4) in base 13?
27
Convert -130 (base 5) to base 15.
-2a
Convert 2 (base 5) to base 7.
2
What is 0 (base 12) in base 2?
0
What is -13 (base 8) in base 9?
-12
Convert 114 (base 7) to base 16.
3c
Convert -90 (base 13) to base 11.
-a7
3 (base 14) to base 6
3
Convert -f (base 16) to base 5.
-30
Convert -78 (base 16) to base 7.
-231
Convert 101002 (base 3) to base 5.
2042
Convert -d8 (base 15) to base 16.
-cb
-3 (base 15) to base 16
-3
-102 (base 12) to base 16
-92
Convert 10 (base 15) to base 14.
11
101 (base 2) to base 13
5
0 (base 12) to base 4
0
Convert 0 (base 15) to base 3.
0
Convert 93 (base 11) to base 2.
1100110
Convert -3 (base 9) to base 14.
-3
Convert -4 (base 6) to base 8.
-4
What is 112 (base 3) in base 12?
12
What is 2 (base 5) in base 2?
10
2 (base 16) to base 8
2
Convert -68 (base 10) to base 15.
-48
Convert 14 (base 10) to base 13.
11
Convert -b5 (base 13) to base 11.
-125
What is 16 (base 12) in base 9?
20
Convert 2b (base 12) to base 8.
43
112 (base 5) to base 12
28
Convert 0 (base 5) to base 15.
0
Convert 1110101 (base 2) to base 5.
432
Convert 43 (base 6) to base 7.
36
2b (base 12) to base 4
203
What is -3 (base 4) in base 3?
-10
Convert -93 (base 12) to base 14.
-7d
What is -73 (base 15) in base 2?
-1101100
Convert 10 (base 3) to base 16.
3
Convert 2112 (base 3) to base 16.
44
Convert 20 (base 6) to base 7.
15
Convert 100 (base 2) to base 15.
4
325 (base 7) to base 3
20011
Convert 8 (base 13) to base 6.
12
What is -27 (base 16) in base 11?
-36
What is -33 (base 5) in base 9?
-20
6 (base 16) to base 5
11
What is -56 (base 7) in base 8?
-51
What is 24 (base 16) in base 10?
36
Convert -452 (base 6) to base 9.
-215
-302 (base 11) to base 13
-221
What is -2c (base 13) in base 14?
-2a
What is 5 (base 15) in base 5?
10
59 (base 11) to base 3
2101
78 (base 9) to base 14
51
What is 141 (base 7) in base 9?
86
What is -2 (base 6) in base 16?
-2
55 (base 7) to base 6
104
-143 (base 7) to base 11
-73
Convert -35 (base 10) to base 15.
-25
67 (base 12) to base 9
87
What is 28 (base 16) in base 8?
50
6 (base 11) to base 8
6
Convert 101 (base 2) to base 14.
5
211 (base 3) to base 12
1a
What is 111 (base 2) in base 8?
7
What is 25 (base 13) in base 12?
27
Convert 3a (base 12) to base 8.
56
Convert -3b (base 12) to base 16.
-2f
What is 10121 (base 4) in base 10?
281
Convert 0 (base 2) to base 13.
0
Convert 263 (base 7) to base 5.
1033
0 (base 12) to base 9
0
Convert 1 (base 15) to base 4.
1
What is -3a (base 12) in base 11?
-42
-65 (base 8) to base 10
-53
Convert 195 (base 10) to base 9.
236
30 (base 5) to base 15
10
-68 (base 13) to base 7
-152
What is -71 (base 13) in base 2?
-1011100
Convert 300 (base 6) to base 7.
213
What is 111 (base 5) in base 13?
25
What is 8 (base 15) in base 11?
8
What is -9 (base 12) in base 6?
-13
What is -3 (base 7) in base 16?
-3
What is -3 (base 11) in base 7?
-3
What is 1 (base 13) in base 8?
1
-1231 (base 5) to base 3
-21002
What is -12 (base 13) in base 3?
-120
What is -2 (base 4) in base 16?
-2
What is -51 (base 6) in base 15?
-21
Convert -10 (base 9) to base 11.
-9
Convert -10 (base 9) to base 2.
-1001
Convert 231 (base 5) to base 16.
42
What is 10000 (base 3) in base 10?
81
101 (base 7) to base 16
32
Convert 86 (base 11) to base 16.
5e
250 (base 10) to base 12
18a
22 (base 9) to base 13
17
What is 7a (base 14) in base 9?
130
-1 (base 8) to base 11
-1
Convert 10 (base 2) to base 8.
2
What is 1a (base 13) in base 7?
32
What is -2 (base 10) in base 13?
-2
What is 1221 (base 3) in base 2?
110100
What is -40 (base 9) in base 12?
-30
What is 1 (base 11) in base 13?
1
Convert -33 (base 9) to base 4.
-132
Convert -2 (base 11) to base 7.
-2
-a (base 11) to base 15
-a
What is -1220 (base 3) in base 9?
-56
Convert -30 (base 4) to base 16.
-c
Convert -1011 (base 3) to base 5.
-111
What is 404 (base 9) in base 4?
11020
What is 5 (base 11) in base 9?
5
Convert 18 (base 10) to base 12.
16
-11 (base 3) to base 8
-4
What is -2 (base 11) in base 5?
-2
Convert 6 (base 13) to base 3.
20
59 (base 14) to base 10
79
What is -79 (base 12) in base 8?
-135
-101 (base 2) to base 9
-5
-57 (base 10) to base 9
-63
Convert 2 (base 8) to base 14.
2
What is 5a (base 14) in base 6?
212
-204 (base 6) to base 7
-136
What is -10000 (base 2) in base 8?
-2